est common divisor of 99 and 6?
3
Calculate the greatest common factor of 5 and 3.
1
What is the greatest common divisor of 2108 and 31?
31
What is the highest common factor of 209 and 341?
11
Calculate the greatest common factor of 117 and 1341.
9
What is the greatest common factor of 54 and 3474?
18
What is the greatest common divisor of 65 and 1885?
65
Calculate the greatest common factor of 14640 and 20.
20
What is the greatest common divisor of 174 and 2001?
87
Calculate the greatest common factor of 594 and 44.
22
Calculate the greatest common factor of 638 and 44.
22
Calculate the greatest common divisor of 2642 and 2.
2
What is the greatest common factor of 164 and 41?
41
What is the highest common factor of 30 and 1?
1
What is the highest common factor of 976 and 61?
61
What is the highest common factor of 588 and 84?
84
What is the highest common divisor of 525 and 567?
21
Calculate the highest common divisor of 10 and 270.
10
What is the greatest common factor of 57 and 38?
19
What is the greatest common factor of 272 and 11016?
136
Calculate the highest common factor of 100 and 3600.
100
What is the highest common divisor of 104 and 78?
26
Calculate the greatest common factor of 34 and 50439.
17
Calculate the greatest common factor of 459 and 238.
17
Calculate the greatest common divisor of 4718 and 14.
14
What is the greatest common divisor of 60 and 750?
30
Calculate the greatest common factor of 46 and 253.
23
What is the greatest common factor of 6 and 186?
6
Calculate the greatest common divisor of 2167 and 7.
1
Calculate the greatest common factor of 525 and 1617.
21
Calculate the highest common divisor of 158 and 869.
79
Calculate the greatest common factor of 22 and 1342.
22
What is the greatest common divisor of 1617 and 294?
147
Calculate the greatest common divisor of 294 and 168.
42
Calculate the greatest common factor of 378 and 63.
63
What is the greatest common factor of 51639 and 21?
21
What is the greatest common divisor of 17 and 221?
17
What is the greatest common divisor of 963 and 18?
9
Calculate the highest common factor of 90 and 210.
30
Calculate the highest common divisor of 107547 and 33.
33
What is the greatest common factor of 1274 and 78?
26
Calculate the highest common divisor of 25 and 25.
25
Calculate the highest common divisor of 144 and 5850.
18
What is the highest common factor of 120 and 15?
15
What is the greatest common factor of 394 and 2?
2
Calculate the highest common divisor of 185 and 1591.
37
Calculate the greatest common factor of 646 and 76.
38
What is the greatest common factor of 6 and 6?
6
What is the highest common factor of 332 and 4?
4
Calculate the greatest common factor of 15006 and 183.
183
What is the highest common factor of 736 and 2484?
92
Calculate the greatest common factor of 3 and 199.
1
Calculate the highest common factor of 48 and 464.
16
Calculate the highest common divisor of 621 and 162.
27
Calculate the greatest common divisor of 27 and 2403.
27
Calculate the highest common divisor of 2432 and 38.
38
Calculate the greatest common divisor of 32 and 1376.
32
What is the greatest common divisor of 168 and 2436?
84
Calculate the highest common divisor of 3296 and 515.
103
Calculate the highest common factor of 1431 and 371.
53
What is the highest common divisor of 4 and 12?
4
Calculate the highest common factor of 366 and 24.
6
What is the greatest common divisor of 39 and 27?
3
Calculate the greatest common factor of 5289 and 129.
129
What is the highest common factor of 2779 and 7?
7
Calculate the highest common divisor of 34 and 6.
2
What is the greatest common factor of 108 and 96?
12
Calculate the highest common divisor of 65757 and 138.
69
What is the highest common divisor of 1750 and 70?
70
What is the highest common factor of 366 and 39894?
366
What is the highest common factor of 420 and 96?
12
What is the highest common factor of 132 and 110?
22
Calculate the highest common divisor of 45 and 1875.
15
What is the highest common divisor of 195 and 15?
15
What is the highest common factor of 368 and 23?
23
What is the highest common divisor of 480 and 2304?
96
What is the greatest common factor of 209 and 57?
19
What is the greatest common divisor of 260 and 6620?
20
What is the greatest common divisor of 88 and 8?
8
Calculate the greatest common factor of 3051 and 54.
27
Calculate the highest common factor of 272 and 51.
17
Calculate the greatest common divisor of 150 and 25350.
150
Calculate the highest common factor of 343 and 21.
7
What is the greatest common factor of 1953 and 63?
63
Calculate the greatest common divisor of 266 and 646.
38
What is the highest common factor of 56 and 7?
7
Calculate the greatest common divisor of 20825 and 25.
25
Calculate the highest common divisor of 68 and 1394.
34
Calculate the greatest common factor of 31213 and 182.
91
Calculate the greatest common divisor of 1738 and 66.
22
Calculate the greatest common factor of 40 and 200.
40
What is the greatest common factor of 301 and 344?
43
Calculate the highest common factor of 5617 and 137.
137
What is the greatest common divisor of 1467 and 9?
9
Calculate the greatest common divisor of 156 and 4.
4
What is the highest common divisor of 111 and 18241?
37
Calculate the highest common divisor of 448 and 64.
64
What is the greatest common divisor of 432 and 27?
27
Calculate the highest common factor of 60 and 7860.
60
Calculate the greatest common divisor of 672 and 64.
32
Calculate the highest common divisor of 608 and 228.
76
Calculate the highest common divisor of 1022 and 42.
14
What is the highest common divisor of 1317 and 3?
3
What is the highest common divisor of 648 and 168?
24
Calculate the highest common factor of 57 and 969.
57
Calculate the greatest common factor of 429 and 33.
33
What is the highest common factor of 56 and 386?
2
What is the highest common divisor of 455 and 1625?
65
Calculate the highest common divisor of 102580 and 40.
20
What is the greatest common factor of 14 and 224?
14
What is the highest common divisor of 1593 and 1053?
27
What is the highest common divisor of 24 and 232?
8
What is the highest common divisor of 23112 and 216?
216
Calculate the highest common divisor of 77 and 18326.
77
Calculate the greatest common factor of 1035 and 1863.
207
Calculate the highest common divisor of 100 and 550.
50
Calculate the greatest common factor of 310 and 30.
10
Calculate the highest common divisor of 437 and 57.
19
What is the highest common divisor of 561 and 2992?
187
Calculate the greatest common factor of 1043 and 298.
149
Calculate the highest common divisor of 68 and 3587.
17
What is the highest common factor of 609 and 7743?
87
What is the highest common factor of 100 and 3575?
25
What is the greatest common factor of 10890 and 450?
90
What is the highest common factor of 204 and 867?
51
Calculate the greatest common divisor of 70 and 6280.
10
Calculate the greatest common divisor of 370 and 180.
10
Calculate the greatest common factor of 34 and 68.
34
What is the highest common factor of 8 and 1936?
8
Calculate the highest common factor of 5664 and 192.
96
What is the highest common factor of 243 and 1125?
9
Calculate the highest common factor of 61 and 305.
61
What is the highest common divisor of 33 and 176?
11
What is the highest common divisor of 21931 and 91?
91
Calculate the greatest common factor of 16 and 904.
8
Calculate the greatest common divisor of 25680 and 240.
240
What is the greatest common factor of 45 and 81?
9
Calculate the highest common divisor of 77 and 297.
11
Calculate the greatest common factor of 132 and 99.
33
Calculate the highest common divisor of 1491 and 568.
71
What is the highest common divisor of 8012 and 4?
4
Calculate the greatest common factor of 70 and 1652.
14
What is the highest common divisor of 28 and 308?
28
What is the highest common divisor of 5 and 43?
1
Calculate the highest common divisor of 100 and 300.
100
What is the greatest common divisor of 180 and 6260?
20
Calculate the greatest common factor of 9 and 5589.
9
What is the greatest common factor of 30 and 108?
6
What is the highest common divisor of 156 and 390?
78
Calculate the greatest common divisor of 78 and 1924.
26
What is the 